{"id":493,"date":"2022-03-24T01:30:11","date_gmt":"2022-03-24T01:30:11","guid":{"rendered":"https:\/\/corpdisplay.com\/meikergrup\/?page_id=493"},"modified":"2022-04-07T17:29:49","modified_gmt":"2022-04-07T17:29:49","slug":"productos","status":"publish","type":"page","link":"https:\/\/corpdisplay.com\/meikergrup\/productos\/","title":{"rendered":"Productos"},"content":{"rendered":"\t\t<div data-elementor-type=\"wp-page\" data-elementor-id=\"493\" class=\"elementor elementor-493\">\n\t\t\t\t\t\t\t\t\t<section class=\"elementor-section elementor-top-section elementor-element elementor-element-122cbd5 elementor-section-full_width elementor-section-height-min-height elementor-section-items-top absoluto elementor-section-height-default\" data-id=\"122cbd5\" data-element_type=\"section\" data-settings=\"{&quot;background_background&quot;:&quot;classic&quot;}\">\n\t\t\t\t\t\t<div class=\"elementor-container elementor-column-gap-default\">\n\t\t\t\t\t<div class=\"elementor-column elementor-col-50 elementor-top-column elementor-element elementor-element-5592574 pro-col\" data-id=\"5592574\" data-element_type=\"column\" data-settings=\"{&quot;background_background&quot;:&quot;classic&quot;}\">\n\t\t\t<div class=\"elementor-widget-wrap elementor-element-populated\">\n\t\t\t\t\t\t\t\t<div class=\"elementor-element elementor-element-eb4a8f5 elementor-widget elementor-widget-html\" data-id=\"eb4a8f5\" data-element_type=\"widget\" data-widget_type=\"html.default\">\n\t\t\t\t<div class=\"elementor-widget-container\">\n\t\t\t\n<div class=\u201cprod-slide\u201d>\n\n<div class=\"carousel carousel-main\"  data-flickity='{ \"asNavFor\": \".carousel-main\", \"imagesLoaded\": true, \"contain\": true, \"pageDots\": true, \"prevNextButtons\": false , \"wrapAround\": true  }' style=\"\">\n               <div class=\"carousel-cell prod-slide_ \">\n                <img decoding=\"async\" src=\"https:\/\/corpdisplay.com\/meikergrup\/wp-content\/uploads\/2022\/04\/pro-s1.png\"  width=\"80%\" class=\u201cimg-fluid\u201d>\n<\/div>\n               <div class=\"carousel-cell prod-slide_ \">\n<img decoding=\"async\" src=\"https:\/\/corpdisplay.com\/meikergrup\/wp-content\/uploads\/2022\/04\/pro-s2.png\"  width=\"80%\" class=\u201cimg-fluid\u201d>\n<\/div>\n               <div class=\"carousel-cell prod-slide_ \">\n<img decoding=\"async\" src=\"https:\/\/corpdisplay.com\/meikergrup\/wp-content\/uploads\/2022\/04\/pro-s3.png\" width=\"80%\"  class=\u201cimg-fluid\u201d><\/div>\n\n <\/div>\n<\/div>\t\t<\/div>\n\t\t\t\t<\/div>\n\t\t\t\t\t<\/div>\n\t\t<\/div>\n\t\t\t\t<div class=\"elementor-column elementor-col-50 elementor-top-column elementor-element elementor-element-b099bc1\" data-id=\"b099bc1\" data-element_type=\"column\">\n\t\t\t<div class=\"elementor-widget-wrap elementor-element-populated\">\n\t\t\t\t\t\t\t\t<div class=\"elementor-element elementor-element-2db2b4e elementor-widget elementor-widget-heading\" data-id=\"2db2b4e\" data-element_type=\"widget\" data-widget_type=\"heading.default\">\n\t\t\t\t<div class=\"elementor-widget-container\">\n\t\t\t<style>\/*! elementor - v3.15.0 - 09-08-2023 *\/\n.elementor-heading-title{padding:0;margin:0;line-height:1}.elementor-widget-heading .elementor-heading-title[class*=elementor-size-]>a{color:inherit;font-size:inherit;line-height:inherit}.elementor-widget-heading .elementor-heading-title.elementor-size-small{font-size:15px}.elementor-widget-heading .elementor-heading-title.elementor-size-medium{font-size:19px}.elementor-widget-heading .elementor-heading-title.elementor-size-large{font-size:29px}.elementor-widget-heading .elementor-heading-title.elementor-size-xl{font-size:39px}.elementor-widget-heading .elementor-heading-title.elementor-size-xxl{font-size:59px}<\/style><h2 class=\"elementor-heading-title elementor-size-default\">PRODUCTOS<\/h2>\t\t<\/div>\n\t\t\t\t<\/div>\n\t\t\t\t<div class=\"elementor-element elementor-element-afb21a6 intro-pro elementor-widget elementor-widget-text-editor\" data-id=\"afb21a6\" data-element_type=\"widget\" data-widget_type=\"text-editor.default\">\n\t\t\t\t<div class=\"elementor-widget-container\">\n\t\t\t<style>\/*! elementor - v3.15.0 - 09-08-2023 *\/\n.elementor-widget-text-editor.elementor-drop-cap-view-stacked .elementor-drop-cap{background-color:#69727d;color:#fff}.elementor-widget-text-editor.elementor-drop-cap-view-framed .elementor-drop-cap{color:#69727d;border:3px solid;background-color:transparent}.elementor-widget-text-editor:not(.elementor-drop-cap-view-default) .elementor-drop-cap{margin-top:8px}.elementor-widget-text-editor:not(.elementor-drop-cap-view-default) .elementor-drop-cap-letter{width:1em;height:1em}.elementor-widget-text-editor .elementor-drop-cap{float:left;text-align:center;line-height:1;font-size:50px}.elementor-widget-text-editor .elementor-drop-cap-letter{display:inline-block}<\/style>\t\t\t\t<p style=\"font-size: 14px;\">Somos expertos en manufactura de contenedores y productos para manejo y traslado de piezas dentro del sector automotriz, industrial y comercial, adem\u00e1s de material para la exhibici\u00f3n y POP.<\/p><p>Contamos con alta tecnolog\u00eda y procesos de ingenier\u00eda para brindarte la mejor calidad y tiempo de respuesta. Adem\u00e1s, tenemos una capacidad ilimitada de producci\u00f3n, ya que todos los procesos los realizamos en nuestra planta.<\/p>\t\t\t\t\t\t<\/div>\n\t\t\t\t<\/div>\n\t\t\t\t\t<\/div>\n\t\t<\/div>\n\t\t\t\t\t\t\t<\/div>\n\t\t<\/section>\n\t\t\t\t<section class=\"elementor-section elementor-top-section elementor-element elementor-element-fca32c4 elementor-section-full_width elementor-section-height-default elementor-section-height-default\" data-id=\"fca32c4\" data-element_type=\"section\" data-settings=\"{&quot;background_background&quot;:&quot;classic&quot;}\">\n\t\t\t\t\t\t<div class=\"elementor-container elementor-column-gap-default\">\n\t\t\t\t\t<div class=\"elementor-column elementor-col-50 elementor-top-column elementor-element elementor-element-c144427\" data-id=\"c144427\" data-element_type=\"column\">\n\t\t\t<div class=\"elementor-widget-wrap elementor-element-populated\">\n\t\t\t\t\t\t\t\t<div class=\"elementor-element elementor-element-9083155 elementor-widget elementor-widget-heading\" data-id=\"9083155\" data-element_type=\"widget\" data-widget_type=\"heading.default\">\n\t\t\t\t<div class=\"elementor-widget-container\">\n\t\t\t<h2 class=\"elementor-heading-title elementor-size-default\">Automotriz, \naeroespacial \n& aeron\u00e1utica. <\/h2>\t\t<\/div>\n\t\t\t\t<\/div>\n\t\t\t\t<div class=\"elementor-element elementor-element-d6dedd0 elementor-widget elementor-widget-text-editor\" data-id=\"d6dedd0\" data-element_type=\"widget\" data-widget_type=\"text-editor.default\">\n\t\t\t\t<div class=\"elementor-widget-container\">\n\t\t\t\t\t\t\t<ul class=\"ul-prod\">\n \t<li>Estaciones de trabajo<\/li>\n \t<li>Equipo para manejo\ny traslado de materiales<\/li>\n \t<li>Dollies<\/li>\n \t<li>Contenedores<\/li>\n \t<li>Carritos<\/li>\n \t<li>Racks industriales<\/li>\n \t<li>Racks a la medida<\/li>\n \t<li>Maquinados<\/li>\n<\/ul>\nDescarga nuestro cat\u00e1logo\nde productos automotrices:\t\t\t\t\t\t<\/div>\n\t\t\t\t<\/div>\n\t\t\t\t<div class=\"elementor-element elementor-element-6548e44 radio elementor-widget elementor-widget-button\" data-id=\"6548e44\" data-element_type=\"widget\" data-widget_type=\"button.default\">\n\t\t\t\t<div class=\"elementor-widget-container\">\n\t\t\t\t\t<div class=\"elementor-button-wrapper\">\n\t\t\t<a class=\"elementor-button elementor-button-link elementor-size-sm\" href=\"#\">\n\t\t\t\t\t\t<span class=\"elementor-button-content-wrapper\">\n\t\t\t\t\t\t<span class=\"elementor-button-text\">Descargar<\/span>\n\t\t<\/span>\n\t\t\t\t\t<\/a>\n\t\t<\/div>\n\t\t\t\t<\/div>\n\t\t\t\t<\/div>\n\t\t\t\t\t<\/div>\n\t\t<\/div>\n\t\t\t\t<div class=\"elementor-column elementor-col-50 elementor-top-column elementor-element elementor-element-06c6376\" data-id=\"06c6376\" data-element_type=\"column\">\n\t\t\t<div class=\"elementor-widget-wrap elementor-element-populated\">\n\t\t\t\t\t\t\t\t<div class=\"elementor-element elementor-element-55ecc66 elementor-widget elementor-widget-image\" data-id=\"55ecc66\" data-element_type=\"widget\" data-widget_type=\"image.default\">\n\t\t\t\t<div class=\"elementor-widget-container\">\n\t\t\t<style>\/*! elementor - v3.15.0 - 09-08-2023 *\/\n.elementor-widget-image{text-align:center}.elementor-widget-image a{display:inline-block}.elementor-widget-image a img[src$=\".svg\"]{width:48px}.elementor-widget-image img{vertical-align:middle;display:inline-block}<\/style>\t\t\t\t\t\t\t\t\t\t\t\t<img loading=\"lazy\" decoding=\"async\" width=\"1280\" height=\"1097\" src=\"https:\/\/corpdisplay.com\/meikergrup\/wp-content\/uploads\/2022\/03\/full1-1.png\" class=\"attachment-full size-full wp-image-530\" alt=\"\" srcset=\"https:\/\/corpdisplay.com\/meikergrup\/wp-content\/uploads\/2022\/03\/full1-1.png 1280w, https:\/\/corpdisplay.com\/meikergrup\/wp-content\/uploads\/2022\/03\/full1-1-300x257.png 300w, https:\/\/corpdisplay.com\/meikergrup\/wp-content\/uploads\/2022\/03\/full1-1-1024x878.png 1024w, https:\/\/corpdisplay.com\/meikergrup\/wp-content\/uploads\/2022\/03\/full1-1-768x658.png 768w\" sizes=\"auto, (max-width: 1280px) 100vw, 1280px\" \/>\t\t\t\t\t\t\t\t\t\t\t\t\t\t\t<\/div>\n\t\t\t\t<\/div>\n\t\t\t\t\t<\/div>\n\t\t<\/div>\n\t\t\t\t\t\t\t<\/div>\n\t\t<\/section>\n\t\t\t\t<section class=\"elementor-section elementor-top-section elementor-element elementor-element-0851627 elementor-section-boxed elementor-section-height-default elementor-section-height-default\" data-id=\"0851627\" data-element_type=\"section\" data-settings=\"{&quot;background_background&quot;:&quot;classic&quot;}\">\n\t\t\t\t\t\t<div class=\"elementor-container elementor-column-gap-default\">\n\t\t\t\t\t<div class=\"elementor-column elementor-col-50 elementor-top-column elementor-element elementor-element-62b0e11\" data-id=\"62b0e11\" data-element_type=\"column\">\n\t\t\t<div class=\"elementor-widget-wrap elementor-element-populated\">\n\t\t\t\t\t\t\t\t<div class=\"elementor-element elementor-element-7c60654 elementor-widget elementor-widget-image\" data-id=\"7c60654\" data-element_type=\"widget\" data-widget_type=\"image.default\">\n\t\t\t\t<div class=\"elementor-widget-container\">\n\t\t\t\t\t\t\t\t\t\t\t\t\t\t\t<img loading=\"lazy\" decoding=\"async\" width=\"1512\" height=\"1700\" src=\"https:\/\/corpdisplay.com\/meikergrup\/wp-content\/uploads\/2022\/03\/full2-1.png\" class=\"attachment-full size-full wp-image-550\" alt=\"\" srcset=\"https:\/\/corpdisplay.com\/meikergrup\/wp-content\/uploads\/2022\/03\/full2-1.png 1512w, https:\/\/corpdisplay.com\/meikergrup\/wp-content\/uploads\/2022\/03\/full2-1-267x300.png 267w, https:\/\/corpdisplay.com\/meikergrup\/wp-content\/uploads\/2022\/03\/full2-1-911x1024.png 911w, https:\/\/corpdisplay.com\/meikergrup\/wp-content\/uploads\/2022\/03\/full2-1-768x863.png 768w, https:\/\/corpdisplay.com\/meikergrup\/wp-content\/uploads\/2022\/03\/full2-1-1366x1536.png 1366w\" sizes=\"auto, (max-width: 1512px) 100vw, 1512px\" \/>\t\t\t\t\t\t\t\t\t\t\t\t\t\t\t<\/div>\n\t\t\t\t<\/div>\n\t\t\t\t\t<\/div>\n\t\t<\/div>\n\t\t\t\t<div class=\"elementor-column elementor-col-50 elementor-top-column elementor-element elementor-element-973dcc8\" data-id=\"973dcc8\" data-element_type=\"column\">\n\t\t\t<div class=\"elementor-widget-wrap elementor-element-populated\">\n\t\t\t\t\t\t\t\t<div class=\"elementor-element elementor-element-36f74cb elementor-widget elementor-widget-heading\" data-id=\"36f74cb\" data-element_type=\"widget\" data-widget_type=\"heading.default\">\n\t\t\t\t<div class=\"elementor-widget-container\">\n\t\t\t<h2 class=\"elementor-heading-title elementor-size-default\">Comercial<\/h2>\t\t<\/div>\n\t\t\t\t<\/div>\n\t\t\t\t<div class=\"elementor-element elementor-element-99e7e59 elementor-widget elementor-widget-text-editor\" data-id=\"99e7e59\" data-element_type=\"widget\" data-widget_type=\"text-editor.default\">\n\t\t\t\t<div class=\"elementor-widget-container\">\n\t\t\t\t\t\t\t<ul class=\"ul-prod\"><li><strong>M\u00f3dulos de<\/strong>: acceso, caja, pedido, ciego de 90<br \/>y de 120, y nodo modular.<\/li><li><strong>Checkouts<\/strong>: con barra, sencillo y modular.<\/li><li><strong>Exhibidores<\/strong>: promocionales, de mesa, con<br \/>chapa y puertas, para autoservicio y panader\u00eda.<\/li><li><strong>G\u00f3ndolas<\/strong>: con panel ranurado, con panel y<br \/>gancho, panel perforado para accesorios<br \/>y prendas, dispensador de pan, para alimento<br \/>de mascota, cuatro vistas, cl\u00e1sica con ganchos<br \/>para barra e industrial met\u00e1lica.<\/li><li><strong>Productos para comercio<\/strong>: mallas, ganchos, panel ranurado, g\u00f3ndolas, exhibici\u00f3n de joyer\u00eda y maniqu\u00edes.<\/li><li><strong>Publicitarios<\/strong>: stands, inflables, sky dancers,material pop, anuncios luminosos y totems.<\/li><li><strong>Para tiendas<\/strong>: Punto de venta, mesas de exhibici\u00f3n, recorte MDF e iluminaci\u00f3n y displays colgantes<\/li><\/ul><p>Descarga nuestro cat\u00e1logo<br \/>de productos automotrices:<\/p>\t\t\t\t\t\t<\/div>\n\t\t\t\t<\/div>\n\t\t\t\t<div class=\"elementor-element elementor-element-483bb9c radio elementor-widget elementor-widget-button\" data-id=\"483bb9c\" data-element_type=\"widget\" data-widget_type=\"button.default\">\n\t\t\t\t<div class=\"elementor-widget-container\">\n\t\t\t\t\t<div class=\"elementor-button-wrapper\">\n\t\t\t<a class=\"elementor-button elementor-button-link elementor-size-sm\" href=\"#\">\n\t\t\t\t\t\t<span class=\"elementor-button-content-wrapper\">\n\t\t\t\t\t\t<span class=\"elementor-button-text\">Descargar<\/span>\n\t\t<\/span>\n\t\t\t\t\t<\/a>\n\t\t<\/div>\n\t\t\t\t<\/div>\n\t\t\t\t<\/div>\n\t\t\t\t\t<\/div>\n\t\t<\/div>\n\t\t\t\t\t\t\t<\/div>\n\t\t<\/section>\n\t\t\t\t<section class=\"elementor-section elementor-top-section elementor-element elementor-element-33fd379 elementor-section-boxed elementor-section-height-default elementor-section-height-default\" data-id=\"33fd379\" data-element_type=\"section\" data-settings=\"{&quot;background_background&quot;:&quot;classic&quot;}\">\n\t\t\t\t\t\t<div class=\"elementor-container elementor-column-gap-default\">\n\t\t\t\t\t<div class=\"elementor-column elementor-col-50 elementor-top-column elementor-element elementor-element-e1f7845\" data-id=\"e1f7845\" data-element_type=\"column\">\n\t\t\t<div class=\"elementor-widget-wrap elementor-element-populated\">\n\t\t\t\t\t\t\t\t<div class=\"elementor-element elementor-element-647acf6 elementor-widget elementor-widget-image\" data-id=\"647acf6\" data-element_type=\"widget\" data-widget_type=\"image.default\">\n\t\t\t\t<div class=\"elementor-widget-container\">\n\t\t\t\t\t\t\t\t\t\t\t\t\t\t\t<img loading=\"lazy\" decoding=\"async\" width=\"1510\" height=\"671\" src=\"https:\/\/corpdisplay.com\/meikergrup\/wp-content\/uploads\/2022\/03\/full4-1.png\" class=\"attachment-full size-full wp-image-555\" alt=\"\" srcset=\"https:\/\/corpdisplay.com\/meikergrup\/wp-content\/uploads\/2022\/03\/full4-1.png 1510w, https:\/\/corpdisplay.com\/meikergrup\/wp-content\/uploads\/2022\/03\/full4-1-300x133.png 300w, https:\/\/corpdisplay.com\/meikergrup\/wp-content\/uploads\/2022\/03\/full4-1-1024x455.png 1024w, https:\/\/corpdisplay.com\/meikergrup\/wp-content\/uploads\/2022\/03\/full4-1-768x341.png 768w\" sizes=\"auto, (max-width: 1510px) 100vw, 1510px\" \/>\t\t\t\t\t\t\t\t\t\t\t\t\t\t\t<\/div>\n\t\t\t\t<\/div>\n\t\t\t\t\t<\/div>\n\t\t<\/div>\n\t\t\t\t<div class=\"elementor-column elementor-col-50 elementor-top-column elementor-element elementor-element-cfc0829\" data-id=\"cfc0829\" data-element_type=\"column\">\n\t\t\t<div class=\"elementor-widget-wrap elementor-element-populated\">\n\t\t\t\t\t\t\t\t<div class=\"elementor-element elementor-element-29d9930 elementor-widget elementor-widget-heading\" data-id=\"29d9930\" data-element_type=\"widget\" data-widget_type=\"heading.default\">\n\t\t\t\t<div class=\"elementor-widget-container\">\n\t\t\t<h2 class=\"elementor-heading-title elementor-size-default\">Salud<\/h2>\t\t<\/div>\n\t\t\t\t<\/div>\n\t\t\t\t<div class=\"elementor-element elementor-element-7adc353 salud elementor-widget elementor-widget-text-editor\" data-id=\"7adc353\" data-element_type=\"widget\" data-widget_type=\"text-editor.default\">\n\t\t\t\t<div class=\"elementor-widget-container\">\n\t\t\t\t\t\t\t<p>T\u00faneles desinfectantes, m\u00f3dulos de atenci\u00f3n, overoles, botas, cubrebocas, recolectores para residuos, mamparas y muchos m\u00e1s.<\/p><p><strong> Descarga nuestro cat\u00e1logo de productos para la salud:<\/strong><\/p>\t\t\t\t\t\t<\/div>\n\t\t\t\t<\/div>\n\t\t\t\t<div class=\"elementor-element elementor-element-a907fdf radio elementor-widget elementor-widget-button\" data-id=\"a907fdf\" data-element_type=\"widget\" data-widget_type=\"button.default\">\n\t\t\t\t<div class=\"elementor-widget-container\">\n\t\t\t\t\t<div class=\"elementor-button-wrapper\">\n\t\t\t<a class=\"elementor-button elementor-button-link elementor-size-sm\" href=\"#\">\n\t\t\t\t\t\t<span class=\"elementor-button-content-wrapper\">\n\t\t\t\t\t\t<span class=\"elementor-button-text\">Descargar<\/span>\n\t\t<\/span>\n\t\t\t\t\t<\/a>\n\t\t<\/div>\n\t\t\t\t<\/div>\n\t\t\t\t<\/div>\n\t\t\t\t\t<\/div>\n\t\t<\/div>\n\t\t\t\t\t\t\t<\/div>\n\t\t<\/section>\n\t\t\t\t<section class=\"elementor-section elementor-top-section elementor-element elementor-element-0685212 elementor-section-full_width elementor-section-height-default elementor-section-height-default\" data-id=\"0685212\" data-element_type=\"section\" data-settings=\"{&quot;background_background&quot;:&quot;classic&quot;}\">\n\t\t\t\t\t\t<div class=\"elementor-container elementor-column-gap-default\">\n\t\t\t\t\t<div class=\"elementor-column elementor-col-100 elementor-top-column elementor-element elementor-element-8c3077d\" data-id=\"8c3077d\" data-element_type=\"column\">\n\t\t\t<div class=\"elementor-widget-wrap elementor-element-populated\">\n\t\t\t\t\t\t\t\t<section class=\"elementor-section elementor-inner-section elementor-element elementor-element-82c4161 elementor-section-full_width elementor-section-height-default elementor-section-height-default\" data-id=\"82c4161\" data-element_type=\"section\" data-settings=\"{&quot;background_background&quot;:&quot;classic&quot;}\">\n\t\t\t\t\t\t<div class=\"elementor-container elementor-column-gap-default\">\n\t\t\t\t\t<div class=\"elementor-column elementor-col-33 elementor-inner-column elementor-element elementor-element-920acb3\" data-id=\"920acb3\" data-element_type=\"column\">\n\t\t\t<div class=\"elementor-widget-wrap\">\n\t\t\t\t\t\t\t\t\t<\/div>\n\t\t<\/div>\n\t\t\t\t<div class=\"elementor-column elementor-col-33 elementor-inner-column elementor-element elementor-element-7c5f911\" data-id=\"7c5f911\" data-element_type=\"column\" data-settings=\"{&quot;background_background&quot;:&quot;classic&quot;}\">\n\t\t\t<div class=\"elementor-widget-wrap elementor-element-populated\">\n\t\t\t\t\t\t\t\t<div class=\"elementor-element elementor-element-3695683 elementor-widget elementor-widget-text-editor\" data-id=\"3695683\" data-element_type=\"widget\" data-widget_type=\"text-editor.default\">\n\t\t\t\t<div class=\"elementor-widget-container\">\n\t\t\t\t\t\t\t<p><strong>Cu\u00e9ntanos tu idea, nosotros la transformamos en realidad.<\/strong><\/p>\t\t\t\t\t\t<\/div>\n\t\t\t\t<\/div>\n\t\t\t\t\t<\/div>\n\t\t<\/div>\n\t\t\t\t<div class=\"elementor-column elementor-col-33 elementor-inner-column elementor-element elementor-element-54567e8\" data-id=\"54567e8\" data-element_type=\"column\">\n\t\t\t<div class=\"elementor-widget-wrap elementor-element-populated\">\n\t\t\t\t\t\t\t\t<div class=\"elementor-element elementor-element-1987c11 elementor-widget elementor-widget-wp-widget-custom_html\" data-id=\"1987c11\" data-element_type=\"widget\" data-widget_type=\"wp-widget-custom_html.default\">\n\t\t\t\t<div class=\"elementor-widget-container\">\n\t\t\t<div class=\"textwidget custom-html-widget\"><a href=\"\" class=\"btn3\">Cont\u00e1ctanos<\/a><\/div>\t\t<\/div>\n\t\t\t\t<\/div>\n\t\t\t\t\t<\/div>\n\t\t<\/div>\n\t\t\t\t\t\t\t<\/div>\n\t\t<\/section>\n\t\t\t\t\t<\/div>\n\t\t<\/div>\n\t\t\t\t\t\t\t<\/div>\n\t\t<\/section>\n\t\t\t\t\t\t\t<\/div>\n\t\t","protected":false},"excerpt":{"rendered":"<p>PRODUCTOS Somos expertos en manufactura de contenedores y productos para manejo y traslado de piezas dentro del sector automotriz, industrial y comercial, adem\u00e1s de material para la exhibici\u00f3n y POP. Contamos con alta tecnolog\u00eda y procesos de ingenier\u00eda para brindarte la mejor calidad y tiempo de respuesta. Adem\u00e1s, tenemos una capacidad ilimitada de producci\u00f3n, ya&hellip;&nbsp;<a href=\"https:\/\/corpdisplay.com\/meikergrup\/productos\/\" class=\"\" rel=\"bookmark\">Leer m\u00e1s &raquo;<span class=\"screen-reader-text\">Productos<\/span><\/a><\/p>\n","protected":false},"author":1,"featured_media":0,"parent":0,"menu_order":0,"comment_status":"closed","ping_status":"closed","template":"elementor_header_footer","meta":{"inline_featured_image":false,"neve_meta_sidebar":"","neve_meta_container":"","neve_meta_enable_content_width":"off","neve_meta_content_width":100,"neve_meta_title_alignment":"","neve_meta_author_avatar":"","neve_post_elements_order":"","neve_meta_disable_header":"","neve_meta_disable_footer":"","neve_meta_disable_title":"","_ti_tpc_template_sync":false,"_ti_tpc_template_id":"","footnotes":""},"class_list":["post-493","page","type-page","status-publish","hentry"],"_links":{"self":[{"href":"https:\/\/corpdisplay.com\/meikergrup\/wp-json\/wp\/v2\/pages\/493","targetHints":{"allow":["GET"]}}],"collection":[{"href":"https:\/\/corpdisplay.com\/meikergrup\/wp-json\/wp\/v2\/pages"}],"about":[{"href":"https:\/\/corpdisplay.com\/meikergrup\/wp-json\/wp\/v2\/types\/page"}],"author":[{"embeddable":true,"href":"https:\/\/corpdisplay.com\/meikergrup\/wp-json\/wp\/v2\/users\/1"}],"replies":[{"embeddable":true,"href":"https:\/\/corpdisplay.com\/meikergrup\/wp-json\/wp\/v2\/comments?post=493"}],"version-history":[{"count":340,"href":"https:\/\/corpdisplay.com\/meikergrup\/wp-json\/wp\/v2\/pages\/493\/revisions"}],"predecessor-version":[{"id":1174,"href":"https:\/\/corpdisplay.com\/meikergrup\/wp-json\/wp\/v2\/pages\/493\/revisions\/1174"}],"wp:attachment":[{"href":"https:\/\/corpdisplay.com\/meikergrup\/wp-json\/wp\/v2\/media?parent=493"}],"curies":[{"name":"wp","href":"https:\/\/api.w.org\/{rel}","templated":true}]}}